{"id":7324,"date":"2020-04-23T19:52:01","date_gmt":"2020-04-23T17:52:01","guid":{"rendered":"https:\/\/www.amaranddesign.com\/amarand-acerca-de\/"},"modified":"2020-07-25T19:07:42","modified_gmt":"2020-07-25T17:07:42","slug":"acerca-de-amaranddesign","status":"publish","type":"page","link":"https:\/\/www.amaranddesign.com\/es\/acerca-de-amaranddesign\/","title":{"rendered":"Acerca de Amarand"},"content":{"rendered":"<p>[vc_row css=\u00bb.vc_custom_1570634729998{padding-top: 20% !important;padding-bottom: 20% !important;}\u00bb parallax_background_image=\u00bb7007&#8243; el_class=\u00bbabout_us_main_image_pc\u00bb][vc_column][\/vc_column][\/vc_row][vc_row css=\u00bb.vc_custom_1570634826474{padding-top: 20% !important;padding-bottom: 20% !important;}\u00bb el_class=\u00bbabout_us_main_image_max_1024px\u00bb parallax_background_image=\u00bb7009&#8243;][vc_column][\/vc_column][\/vc_row][vc_row row_content_width=\u00bbgrid\u00bb css=\u00bb.vc_custom_1567947017194{margin-top: 60px !important;padding-bottom: 60px !important;}\u00bb][vc_column]<div class=\"qodef-section-title-holder  qodef-st-standard qodef-st-title-left qodef-st-normal-space  \" style=\"text-align: center\">\n\t<div class=\"qodef-st-inner\">\n        \t\t\t\t\t<h5 class=\"qodef-st-title\" >\n\t\t\t\tQuienes somos\t\t\t<\/h5>\n\t\t\t\t\t<\/div>\n<\/div>[vc_column_text]Amarand Design es un Estudio de Dise\u00f1o de Interiores con sede en Alicante fundado por Thea Simoni (Interiorista y Directora creativa) y Martin Wells (Socio ejecutivo). La principal actividad que desarrolla el Estudio es la Arquitectura de Interiores y Decoraci\u00f3n de viviendas y de Negocios Boutique, tales como hoteles, restaurantes, tiendas y oficinas. El estudio colabora tambi\u00e9n con promotoras inmobiliarias en el dise\u00f1o de interiores de sus promociones de obra nueva.<\/p>\n<p>Crear emociones a trav\u00e9s de la arquitectura interior y la decoraci\u00f3n con un estilo que resiste el paso del tiempo se encuentra en el coraz\u00f3n de nuestro trabajo. Elegancia y calidez en el dise\u00f1o, y una sensibilidad especial a la funcionalidad de los espacios son otras caracter\u00edsticas que conforman nuestras se\u00f1as de identidad. Nos gusta incluir en nuestros dise\u00f1os materiales naturales como madera, piedras naturales, cemento, lino o seda que nos ayudan a crear ambientes frescos, sofisticados y con personalidad para nuestros clientes.<\/p>\n<p>Nuestro equipo se compone de profesionales altamente cualificados en su \u00e1mbito como: arquitectos, arquitectos t\u00e9cnicos, gerentes de proyectos, artesanos, expertos en brandings, etc.. Con dilatada experiencia en todas estas \u00e1reas, ofrecemos proyectos bellos y \u00fanicos que superan las expectativas de cada cliente.[\/vc_column_text][\/vc_column][\/vc_row][vc_row css=\u00bb.vc_custom_1569531304448{padding-top: 16% !important;padding-bottom: 16% !important;}\u00bb parallax_background_image=\u00bb6334&#8243;][vc_column][\/vc_column][\/vc_row][vc_row disable_element=\u00bbyes\u00bb css=\u00bb.vc_custom_1570709964761{padding-top: 16% !important;padding-bottom: 16% !important;}\u00bb parallax_background_image=\u00bb7024&#8243; el_class=\u00bbabout_our_philosophy_image_pc\u00bb][vc_column][\/vc_column][\/vc_row][vc_row disable_element=\u00bbyes\u00bb css=\u00bb.vc_custom_1570709969838{padding-top: 16% !important;padding-bottom: 16% !important;}\u00bb parallax_background_image=\u00bb7023&#8243; el_class=\u00bbabout_our_philosophy_image_ipad\u00bb][vc_column][\/vc_column][\/vc_row][vc_row row_content_width=\u00bbgrid\u00bb css=\u00bb.vc_custom_1568897332970{margin-top: 60px !important;padding-bottom: 60px !important;}\u00bb][vc_column]<div class=\"qodef-section-title-holder  qodef-st-standard qodef-st-title-left qodef-st-normal-space  \" style=\"text-align: center\">\n\t<div class=\"qodef-st-inner\">\n        \t\t\t\t\t<h5 class=\"qodef-st-title\" >\n\t\t\t\tNuestra filosof\u00eda\t\t\t<\/h5>\n\t\t\t\t\t<\/div>\n<\/div>[vc_column_text]La belleza est\u00e1 profundamente arraigada en cada ser humano, y consciente o inconscientemente todos buscamos belleza durante el curso de nuestras vidas. Un espacio atractivo y bien dise\u00f1ado, ya sea nuestra propia casa, nuestra oficina, un restaurante o un hotel, influir\u00e1 positivamente en nuestro estado emocional y como consecuencia mejorar\u00e1 la calidad de nuestras vidas.<\/p>\n<p>Nuestro enfoque para cada proyecto comienza en base a esta creencia, con la misi\u00f3n de crear para nuestros clientes no solo espacios visualmente atractivos sino tambi\u00e9n entornos que tengan un significado para ellos y que sean una expresi\u00f3n de sus gustos e ideas sobre c\u00f3mo quieren vivir.<\/p>\n<p>En todo momento prestamos especial atenci\u00f3n a la coherencia y el equilibrio entre el ambiente exterior, la arquitectura interior y la decoraci\u00f3n. En nuestro trabajo todos los elementos que intervienen en la realizaci\u00f3n de los interiores (distribuci\u00f3n de espacios, materiales, mobiliario, iluminaci\u00f3n, obras de arte y accesorios) se comunican en un lenguaje com\u00fan, que se traduce en un espacio unificado y armonioso. [\/vc_column_text][\/vc_column][\/vc_row]<\/p>\n","protected":false},"excerpt":{"rendered":"<p>[vc_row css=\u00bb.vc_custom_1570634729998{padding-top: 20% !important;padding-bottom: 20% !important;}\u00bb parallax_background_image=\u00bb7007&#8243; el_class=\u00bbabout_us_main_image_pc\u00bb][vc_column][\/vc_column][\/vc_row][vc_row css=\u00bb.vc_custom_1570634826474{padding-top: 20% !important;padding-bottom: 20% !important;}\u00bb el_class=\u00bbabout_us_main_image_max_1024px\u00bb parallax_background_image=\u00bb7009&#8243;][vc_column][\/vc_column][\/vc_row][vc_row row_content_width=\u00bbgrid\u00bb css=\u00bb.vc_custom_1567947017194{margin-top: 60px !important;padding-bottom: 60px !important;}\u00bb][vc_column][vc_column_text]Amarand Design es un Estudio de Dise\u00f1o de Interiores con sede en Alicante fundado por Thea Simoni (Interiorista y Directora [&hellip;]<\/p>\n","protected":false},"author":2,"featured_media":0,"parent":0,"menu_order":0,"comment_status":"closed","ping_status":"closed","template":"full-width.php","meta":{"spay_email":"","footnotes":""},"yoast_head":"<!-- This site is optimized with the Yoast SEO Premium plugin v15.7 - https:\/\/yoast.com\/wordpress\/plugins\/seo\/ -->\n<title>Interiorista Costa Blanca - About Amarand Design<\/title>\n<meta name=\"description\" content=\"Estudio de interiorismo, Alicante, Costa Blanca.\" \/>\n<meta name=\"robots\" content=\"index, follow, max-snippet:-1, max-image-preview:large, max-video-preview:-1\" \/>\n<link rel=\"canonical\" href=\"https:\/\/www.amaranddesign.com\/es\/acerca-de-amaranddesign\/\" \/>\n<meta property=\"og:locale\" content=\"es_ES\" \/>\n<meta property=\"og:type\" content=\"article\" \/>\n<meta property=\"og:title\" content=\"Interiorista Costa Blanca - About Amarand Design\" \/>\n<meta property=\"og:description\" content=\"Estudio de interiorismo, Alicante, Costa Blanca.\" \/>\n<meta property=\"og:url\" content=\"https:\/\/www.amaranddesign.com\/es\/acerca-de-amaranddesign\/\" \/>\n<meta property=\"og:site_name\" content=\"Amarand Design\" \/>\n<meta property=\"article:publisher\" content=\"https:\/\/www.facebook.com\/amaranddesign\" \/>\n<meta property=\"article:modified_time\" content=\"2020-07-25T17:07:42+00:00\" \/>\n<meta property=\"og:image\" content=\"https:\/\/i0.wp.com\/www.amaranddesign.com\/wp-content\/uploads\/2019\/10\/002_9501-Edit-1.jpg?fit=1049%2C700&#038;ssl=1\" \/>\n\t<meta property=\"og:image:width\" content=\"1049\" \/>\n\t<meta property=\"og:image:height\" content=\"700\" \/>\n<meta name=\"twitter:card\" content=\"summary_large_image\" \/>\n<meta name=\"twitter:site\" content=\"@amarandd\" \/>\n<meta name=\"twitter:label1\" content=\"Tiempo de lectura\">\n\t<meta name=\"twitter:data1\" content=\"3 minutos\">\n<script type=\"application\/ld+json\" class=\"yoast-schema-graph\">{\"@context\":\"https:\/\/schema.org\",\"@graph\":[{\"@type\":\"Organization\",\"@id\":\"https:\/\/www.amaranddesign.com\/#organization\",\"name\":\"Amarand Design\",\"url\":\"https:\/\/www.amaranddesign.com\/\",\"sameAs\":[\"https:\/\/www.facebook.com\/amaranddesign\",\"https:\/\/www.instagram.com\/amaranddesign\",\"https:\/\/www.pinterest.es\/amarandd\/\",\"https:\/\/twitter.com\/amarandd\"],\"logo\":{\"@type\":\"ImageObject\",\"@id\":\"https:\/\/www.amaranddesign.com\/#logo\",\"inLanguage\":\"es\",\"url\":\"https:\/\/i0.wp.com\/www.amaranddesign.com\/wp-content\/uploads\/2019\/09\/Logo-Centered-Copy-6.png?fit=484%2C100&ssl=1\",\"width\":484,\"height\":100,\"caption\":\"Amarand Design\"},\"image\":{\"@id\":\"https:\/\/www.amaranddesign.com\/#logo\"}},{\"@type\":\"WebSite\",\"@id\":\"https:\/\/www.amaranddesign.com\/#website\",\"url\":\"https:\/\/www.amaranddesign.com\/\",\"name\":\"Amarand Design\",\"description\":\"Interior Design | Interior Architecture, Alicante, Costa Blanca\",\"publisher\":{\"@id\":\"https:\/\/www.amaranddesign.com\/#organization\"},\"potentialAction\":[{\"@type\":\"SearchAction\",\"target\":\"https:\/\/www.amaranddesign.com\/?s={search_term_string}\",\"query-input\":\"required name=search_term_string\"}],\"inLanguage\":\"es\"},{\"@type\":\"WebPage\",\"@id\":\"https:\/\/www.amaranddesign.com\/es\/acerca-de-amaranddesign\/#webpage\",\"url\":\"https:\/\/www.amaranddesign.com\/es\/acerca-de-amaranddesign\/\",\"name\":\"Interiorista Costa Blanca - About Amarand Design\",\"isPartOf\":{\"@id\":\"https:\/\/www.amaranddesign.com\/#website\"},\"datePublished\":\"2020-04-23T17:52:01+00:00\",\"dateModified\":\"2020-07-25T17:07:42+00:00\",\"description\":\"Estudio de interiorismo, Alicante, Costa Blanca.\",\"inLanguage\":\"es\",\"potentialAction\":[{\"@type\":\"ReadAction\",\"target\":[\"https:\/\/www.amaranddesign.com\/es\/acerca-de-amaranddesign\/\"]}]}]}<\/script>\n<!-- \/ Yoast SEO Premium plugin. -->","_links":{"self":[{"href":"https:\/\/www.amaranddesign.com\/es\/wp-json\/wp\/v2\/pages\/7324"}],"collection":[{"href":"https:\/\/www.amaranddesign.com\/es\/wp-json\/wp\/v2\/pages"}],"about":[{"href":"https:\/\/www.amaranddesign.com\/es\/wp-json\/wp\/v2\/types\/page"}],"author":[{"embeddable":true,"href":"https:\/\/www.amaranddesign.com\/es\/wp-json\/wp\/v2\/users\/2"}],"replies":[{"embeddable":true,"href":"https:\/\/www.amaranddesign.com\/es\/wp-json\/wp\/v2\/comments?post=7324"}],"version-history":[{"count":12,"href":"https:\/\/www.amaranddesign.com\/es\/wp-json\/wp\/v2\/pages\/7324\/revisions"}],"predecessor-version":[{"id":7338,"href":"https:\/\/www.amaranddesign.com\/es\/wp-json\/wp\/v2\/pages\/7324\/revisions\/7338"}],"wp:attachment":[{"href":"https:\/\/www.amaranddesign.com\/es\/wp-json\/wp\/v2\/media?parent=7324"}],"curies":[{"name":"wp","href":"https:\/\/api.w.org\/{rel}","templated":true}]}}

<p>[vc_row css=».vc_custom_1570634729998{padding-top: 20% !important;padding-bottom: 20% !important;}» parallax_background_image=»7007&#8243; el_class=»about_us_main_image_pc»][vc_column][/vc_column][/vc_row][vc_row css=».vc_custom_1570634826474{padding-top: 20% !important;padding-bottom: 20% !important;}» el_class=»about_us_main_image_max_1024px» parallax_background_image=»7009&#8243;][vc_column][/vc_column][/vc_row][vc_row row_content_width=»grid» css=».vc_custom_1567947017194{margin-top: 60px !important;padding-bottom: 60px !important;}»][vc_column]<div class="qodef-section-title-holder  qodef-st-standard qodef-st-title-left qodef-st-normal-space  " style="text-align: center">
	<div class="qodef-st-inner">
        					<h5 class="qodef-st-title" >
				Quienes somos			</h5>
					</div>
</div>[vc_column_text]Amarand Design es un Estudio de Diseño de Interiores con sede en Alicante fundado por Thea Simoni (Interiorista y Directora creativa) y Martin Wells (Socio ejecutivo). La principal actividad que desarrolla el Estudio es la Arquitectura de Interiores y Decoración de viviendas y de Negocios Boutique, tales como hoteles, restaurantes, tiendas y oficinas. El estudio colabora también con promotoras inmobiliarias en el diseño de interiores de sus promociones de obra nueva.</p>
<p>Crear emociones a través de la arquitectura interior y la decoración con un estilo que resiste el paso del tiempo se encuentra en el corazón de nuestro trabajo. Elegancia y calidez en el diseño, y una sensibilidad especial a la funcionalidad de los espacios son otras características que conforman nuestras señas de identidad. Nos gusta incluir en nuestros diseños materiales naturales como madera, piedras naturales, cemento, lino o seda que nos ayudan a crear ambientes frescos, sofisticados y con personalidad para nuestros clientes.</p>
<p>Nuestro equipo se compone de profesionales altamente cualificados en su ámbito como: arquitectos, arquitectos técnicos, gerentes de proyectos, artesanos, expertos en brandings, etc.. Con dilatada experiencia en todas estas áreas, ofrecemos proyectos bellos y únicos que superan las expectativas de cada cliente.[/vc_column_text][/vc_column][/vc_row][vc_row css=».vc_custom_1569531304448{padding-top: 16% !important;padding-bottom: 16% !important;}» parallax_background_image=»6334&#8243;][vc_column][/vc_column][/vc_row][vc_row disable_element=»yes» css=».vc_custom_1570709964761{padding-top: 16% !important;padding-bottom: 16% !important;}» parallax_background_image=»7024&#8243; el_class=»about_our_philosophy_image_pc»][vc_column][/vc_column][/vc_row][vc_row disable_element=»yes» css=».vc_custom_1570709969838{padding-top: 16% !important;padding-bottom: 16% !important;}» parallax_background_image=»7023&#8243; el_class=»about_our_philosophy_image_ipad»][vc_column][/vc_column][/vc_row][vc_row row_content_width=»grid» css=».vc_custom_1568897332970{margin-top: 60px !important;padding-bottom: 60px !important;}»][vc_column]<div class="qodef-section-title-holder  qodef-st-standard qodef-st-title-left qodef-st-normal-space  " style="text-align: center">
	<div class="qodef-st-inner">
        					<h5 class="qodef-st-title" >
				Nuestra filosofía			</h5>
					</div>
</div>[vc_column_text]La belleza está profundamente arraigada en cada ser humano, y consciente o inconscientemente todos buscamos belleza durante el curso de nuestras vidas. Un espacio atractivo y bien diseñado, ya sea nuestra propia casa, nuestra oficina, un restaurante o un hotel, influirá positivamente en nuestro estado emocional y como consecuencia mejorará la calidad de nuestras vidas.</p>
<p>Nuestro enfoque para cada proyecto comienza en base a esta creencia, con la misión de crear para nuestros clientes no solo espacios visualmente atractivos sino también entornos que tengan un significado para ellos y que sean una expresión de sus gustos e ideas sobre cómo quieren vivir.</p>
<p>En todo momento prestamos especial atención a la coherencia y el equilibrio entre el ambiente exterior, la arquitectura interior y la decoración. En nuestro trabajo todos los elementos que intervienen en la realización de los interiores (distribución de espacios, materiales, mobiliario, iluminación, obras de arte y accesorios) se comunican en un lenguaje común, que se traduce en un espacio unificado y armonioso. [/vc_column_text][/vc_column][/vc_row]</p>

<p>[vc_row css=».vc_custom_1570634729998{padding-top: 20% !important;padding-bottom: 20% !important;}» parallax_background_image=»7007&#8243; el_class=»about_us_main_image_pc»][vc_column][/vc_column][/vc_row][vc_row css=».vc_custom_1570634826474{padding-top: 20% !important;padding-bottom: 20% !important;}» el_class=»about_us_main_image_max_1024px» parallax_background_image=»7009&#8243;][vc_column][/vc_column][/vc_row][vc_row row_content_width=»grid» css=».vc_custom_1567947017194{margin-top: 60px !important;padding-bottom: 60px !important;}»][vc_column][vc_column_text]Amarand Design es un Estudio de Diseño de Interiores con sede en Alicante fundado por Thea Simoni (Interiorista y Directora [&hellip;]</p>
